Suppose -19*n + c*n + 4848 = 0. What are the prime factors of n?
2, 3, 101
Suppose 16 + 40 = 2*i + r, -2*i + 2*r + 62 = 0. Suppose -28*j - 284 = -i*j. What are the prime factors of j?
2, 71
Suppose -460 = -5*i + 4*d, -4*i - d + 442 = 95. Suppose -w - i = -379. What are the prime factors of w?
3, 97
Let c(t) = 7*t**2 + 22*t + 644. What are the prime factors of c(-49)?
7, 2339
Let y be 1*(3/(-3) + 5). Suppose -9*q - 180 = -y*q. Let w = 74 + q. List the prime factors of w.
2, 19
Suppose 0 = 5*q - q. Let b(p) = -10*p + 11*p**2 - 19 - 8*p**2 + q*p. What are the prime factors of b(-3)?
2, 19
What are the prime factors of 5568912/1008 + 18/14?
2, 3, 307
Let m(x) = 11*x**2 - 158*x - 984. List the prime factors of m(-70).
2, 11, 727
Suppose 67*l - 1426787 = 42*l - 155862. List the prime factors of l.
29, 1753
Let v(s) = 2*s**2 - 9*s - 16. Let b be v(6). Suppose b*f - 1844 = -5*y, 2*f + f - 1841 = -5*y. List the prime factors of y.
2, 5, 37
Let c(s) = -7004*s**3 - 6*s**2 - 9*s - 3. List the prime factors of c(-1).
2, 17, 103
Let c(j) = -j + 10. Let g be c(-4). Suppose 2*k + d - 65 = g, 0 = -3*k + 3*d + 96. List the prime factors of 4/4 + k + -1.
37
Let n(q) = -6*q - 26. Let a(d) = -14*d - 52. Let c(z) = 4*a(z) - 7*n(z). What are the prime factors of c(-7)?
2, 3
Suppose 120 = 23*j - 8*j. Let d be (-6 + 2)/j*-4. Suppose 5*g + 4*y = -0*y + 539, 5*g = d*y + 563. List the prime factors of g.
3, 37
Let r(o) = 1128*o - 791. List the prime factors of r(13).
13873
Let t = -28 - -24. What are the prime factors of 2*(-638)/t + 2 - 4?
317
Let f(s) = 23*s - 11. Let q be f(2). Suppose 32*g - q*g + 1458 = 0. List the prime factors of g.
2, 3
Suppose -15*u + 2636 = f - 17*u, -7916 = -3*f + 2*u. What are the prime factors of f?
2, 3, 5, 11
Let k(p) be the third derivative of 5*p**4/3 - 46*p**3/3 - 2*p**2 - 13. What are the prime factors of k(12)?
2, 97
List the prime factors of (4*-1 - (-259)/74)/(3/(-54168)).
2, 37, 61
Let u = 2556 + 13767. List the prime factors of u.
3, 5441
Suppose -3*d - 3*u + 1515 = 0, 14*u = -4*d + 19*u + 2029. What are the prime factors of d?
2, 11, 23
Let i = 88 + -58. Let j = -8 + 22. List the prime factors of 2/(j/(-49) + i/56).
2
Let h(f) = f**3 - 112*f**2 + 220*f - 563. What are the prime factors of h(112)?
24077
Suppose 14 - 143 = i. Let k = i + 268. Let t = k + -79. List the prime factors of t.
2, 3, 5
Let h = 41 + -29. Suppose -2*n + h + 11 = -5*q, -4*n - 3*q = -7. Suppose 3*k + 5*b = 513, n*b + 77 = -k + 241. What are the prime factors of k?
2, 11
Suppose 5*u - 8*u = -10*u + 286398. List the prime factors of u.
2, 3, 2273
Let a(g) = -36*g + 7*g - 5 + 13*g + 4*g**2 + g**2 + 6*g**3. Let m be a(7). Suppose 18*y = 7280 - m. List the prime factors of y.
283
Let h(j) = j**2 + 7*j - 3. Let y be h(-7). Let b = 6 - y. What are the prime factors of (-18)/b*(-62)/4?
31
Let a = 1207 - -474. List the prime factors of a.
41
Let q be ((88 - 14)*(-1)/2)/(-1). Suppose 0 = -4*t + t - 5*d + 26, -5*t = 2*d - q. What are the prime factors of t?
7
Let h(n) = -n**3 - 23*n**2 - 18*n + 87. Let d be h(-22). List the prime factors of ((-58)/(-4))/((-75)/80 - d).
2, 29
Let c = 330 - 488. Let z = c + 473. Suppose 291 = 2*w + w - 3*p, z = 3*w + 3*p. What are the prime factors of w?
101
Let i = 77407 + -45739. List the prime factors of i.
2, 3, 7, 13, 29
Let q be 124 + -2 - (-16)/(-4). Let a = 262 - 96. Suppose f = -2*o + a, -3*f + 125 + q = 3*o. What are the prime factors of o?
5, 17
Suppose 1875 = 4*f + 5*i - 92, f = -2*i + 494. Suppose 5*o = m + 601, -4*o + 5*m + f = 6*m. List the prime factors of o.
11
Let v(i) = -i**3 + 17*i**2 + 21*i - 12. Let m be v(18). What are the prime factors of -20*(m/(-70))/(3/86)?
2, 43
Let s(v) be the third derivative of -13/2*v**3 - 1/12*v**4 + 0 - 14*v**2 + 0*v. What are the prime factors of s(-21)?
3
Let t(k) = -14267*k + 73. Let n be t(-1). Suppose -3*a = 7*a - n. What are the prime factors of a?
2, 3, 239
Let c(a) = 206*a + 1964. What are the prime factors of c(26)?
2, 3, 5, 61
Let p = 3793 - -8543. List the prime factors of p.
2, 3, 257
Let o(h) = 38*h**3 - 5*h**2 - 2*h + 2. Let z be o(1). Suppose -z*i + 36*i - 3270 = 0. What are the prime factors of i?
2, 5, 109
List the prime factors of (-4)/(-46) + -2802*(-4630)/1380.
7, 17, 79
Suppose -2*q + 4*v + 1673 = 9*v, -2*q = -2*v - 1708. What are the prime factors of q - (-2 + 1)/(-13 + 14)?
2, 5, 17
Let s = -334 - -343. Let p = 38 + -8. Let l = p - s. List the prime factors of l.
3, 7
Let c(t) = -t**2 - 4*t + 5. Let f be c(-4). Suppose -2195 = -5*o - f*z, -17*z = -2*o - 14*z + 863. List the prime factors of o.
2, 109
Suppose -14*d + 9*d = -2*a - 4000, 3*d - 2*a - 2400 = 0. Suppose -b - 4 = 0, -d - 228 = -4*g - 4*b. What are the prime factors of g?
3, 29
Let r(v) = 2*v**2 + 16*v - 4. Suppose -272 = 4*l - 3*m, -5*l - 283 = -4*m + 57. Let b = l + 75. What are the prime factors of r(b)?
2, 103
Suppose -190*u + 391805 = -608925. List the prime factors of u.
23, 229
Let k(h) = 34*h**2 - 19*h + 15. Let g be k(18). List the prime factors of 18/45 + g/15.
23, 31
Let p(y) = 20*y**2 + 34*y + 37. Let j(v) = 7*v**2 + 11*v + 12. Let a = -89 - -95. Let o(l) = a*p(l) - 17*j(l). List the prime factors of o(-20).
2, 3, 13
Let h(a) = -126*a - 734. List the prime factors of h(-52).
2, 2909
Let c be ((-8)/(-4) - -1)/1. Suppose -c*l - 5*l + 3824 = 0. Suppose -5*o + n = -n - l, 483 = 5*o + 3*n. List the prime factors of o.
2, 3
Suppose -4*z + 168 = -z. Let k be (-19)/(-7) + 16/z. Suppose 0 = -2*j - 4*l + 110, l + l + 165 = k*j. What are the prime factors of j?
5, 11
Let d(f) = f**3 - f**2 + f - 1. Let j be d(0). Let v(w) = -31*w + 20. Let h(m) = 32*m - 17. Let y(g) = -7*h(g) - 6*v(g). What are the prime factors of y(j)?
37
Suppose 3*n + 4*g - 201 = 0, -78*n = -81*n + 4*g + 177. Let c = -25 + 54. Let d = n - c. What are the prime factors of d?
2, 17
Let s(v) = 2*v - 15 - 7 + 19 - 16. Let a be s(11). Suppose -2*u = -a*q + 367, -4*q + 3*q + 121 = -u. List the prime factors of q.
5
Let s = 490 + -143. Suppose c + 5*u = 404, -41*c + 2043 = -36*c + 2*u. Suppose 0 = -3*f + 4*m + c, -4*m + s + 356 = 5*f. What are the prime factors of f?
139
Let q(w) = 3*w**2 - 8*w + 33. Let r be q(16). Let f = r - 478. Suppose 0 = -n + 5, f + 184 = 4*d - n. What are the prime factors of d?
2, 3
Suppose -8 = r - 5*r. Let a = 21 + r. List the prime factors of a.
23
Let m(y) = y**3 + y**2 - y. Let o(g) = 2*g**3 - 15*g**2 + g. Suppose 5*c - 3 = 4*c. Let q(i) = c*m(i) - o(i). List the prime factors of q(-18).
2, 3
List the prime factors of (116700/(-7))/(-2)*308/66.
2, 5, 389
Suppose -57804 = -22*k - 15234. What are the prime factors of k?
3, 5, 43
Let p be 12/54 - (-1322186)/18. List the prime factors of p/105 - (-6)/14.
2, 5, 7
Let g(h) = 21*h + 18. Let m be g(2). Suppose -10*r - 5*r = m. What are the prime factors of 0 + 31 + 3 + r?
2, 3, 5
Suppose k + 4*l = 2*k + 124, 0 = k - 2*l + 128. Let d = -28 - k. Suppose 5*y = -4*s + 314 + d, -3*s = 2*y - 317. What are the prime factors of s?
107
Let h(b) = 9*b**2 - 5*b. Let u(t) = 5*t - 2. Let o be u(6). Suppose 4*f - 4*w = o, 5*f - 2*w - 7 - 16 = 0. List the prime factors of h(f).
2, 3, 11
Let i = -6354 - -9680. What are the prime factors of i?
2, 1663
Suppose -48 = -120*t + 117*t. Let o(n) = 22*n + 111. What are the prime factors of o(t)?
463
Let d(w) = 30*w**2 - 170*w + 282. What are the prime factors of d(33)?
2, 3, 7, 31
Let l = -18453 - -21445. List the prime factors of l.
2, 11, 17
Suppose 12025542 - 2995844 = 298*s. List the prime factors of s.
157, 193
Let y(h) = -5*h + 7. Suppose 11 = -5*f - r - 24, -r - 17 = 2*f. Let c be y(f). Suppose 24 = m - c. List the prime factors of m.
61
Suppose -4*y = 2*f + y - 4135, y + 10297 = 5*f. Suppose f = 7*n - 3*n. List the prime factors of n.
5, 103
Let l = 30348 - 27541. List the prime factors of l.
7, 401
Let h = -109 + 590. Let y = h - 188. What are the prime factors of y?
293
Suppose -3*n - 2 = 3*i + 1, 0 = 2*i - 3*n - 18. Suppose 24*k - 11*k - 26 = 0. Suppose 0 = -i*d + 12, 0 = 2*r - k*d + 3*d - 8. List the prime factors of r.
2
Let t(h) = 17*h**2 + 10*h + 11. Let d be t(-7). Let r(s) = 3*s - 15*s - 19 - d*s**2 + 776*s**2. What are the prime factors of r(11)?
7, 13
Suppose -7*c + 33039 = -7036. What are the prime factors of c?
5, 229
